{"id":3405,"date":"2026-01-29T11:58:46","date_gmt":"2026-01-29T10:58:46","guid":{"rendered":"https:\/\/m\u00e4nnerchor-leibstadt.ch\/?page_id=3405"},"modified":"2026-04-11T14:43:03","modified_gmt":"2026-04-11T12:43:03","slug":"aktivitaeten-2024-2-2","status":"publish","type":"page","link":"https:\/\/m\u00e4nnerchor-leibstadt.ch\/?page_id=3405","title":{"rendered":"Aktivit\u00e4ten 2026"},"content":{"rendered":"\t\t<div data-elementor-type=\"wp-page\" data-elementor-id=\"3405\" class=\"elementor elementor-3405\">\n\t\t\t\t\t\t<section class=\"elementor-section elementor-top-section elementor-element elementor-element-b7e456e elementor-section-boxed elementor-section-height-default elementor-section-height-default\" data-id=\"b7e456e\" data-element_type=\"section\" data-e-type=\"section\">\n\t\t\t\t\t\t<div class=\"elementor-container elementor-column-gap-default\">\n\t\t\t\t\t<div class=\"elementor-column elementor-col-100 elementor-top-column elementor-element elementor-element-1f7d63a\" data-id=\"1f7d63a\" data-element_type=\"column\" data-e-type=\"column\">\n\t\t\t<div class=\"elementor-widget-wrap elementor-element-populated\">\n\t\t\t\t\t\t<div class=\"elementor-element elementor-element-e404ffc elementor-widget elementor-widget-heading\" data-id=\"e404ffc\" data-element_type=\"widget\" data-e-type=\"widget\" data-widget_type=\"heading.default\">\n\t\t\t\t<div class=\"elementor-widget-container\">\n\t\t\t\t\t<h1 class=\"elementor-heading-title elementor-size-default\">Aktivit\u00e4ten 2026<\/h1>\t\t\t\t<\/div>\n\t\t\t\t<\/div>\n\t\t\t\t\t<\/div>\n\t\t<\/div>\n\t\t\t\t\t<\/div>\n\t\t<\/section>\n\t\t\t\t<section class=\"elementor-section elementor-top-section elementor-element elementor-element-74786e0 elementor-section-boxed elementor-section-height-default elementor-section-height-default\" data-id=\"74786e0\" data-element_type=\"section\" data-e-type=\"section\">\n\t\t\t\t\t\t<div class=\"elementor-container elementor-column-gap-default\">\n\t\t\t\t\t<div class=\"elementor-column elementor-col-100 elementor-top-column elementor-element elementor-element-90b0cbf\" data-id=\"90b0cbf\" data-element_type=\"column\" data-e-type=\"column\">\n\t\t\t<div class=\"elementor-widget-wrap elementor-element-populated\">\n\t\t\t\t\t\t<section class=\"elementor-section elementor-inner-section elementor-element elementor-element-e924b44 elementor-section-boxed elementor-section-height-default elementor-section-height-default\" data-id=\"e924b44\" data-element_type=\"section\" data-e-type=\"section\">\n\t\t\t\t\t\t<div class=\"elementor-container elementor-column-gap-default\">\n\t\t\t\t\t<div class=\"elementor-column elementor-col-100 elementor-inner-column elementor-element elementor-element-edb537d\" data-id=\"edb537d\" data-element_type=\"column\" data-e-type=\"column\">\n\t\t\t<div class=\"elementor-widget-wrap elementor-element-populated\">\n\t\t\t\t\t\t<div class=\"elementor-element elementor-element-9c16159 elementor-widget elementor-widget-heading\" data-id=\"9c16159\" data-element_type=\"widget\" data-e-type=\"widget\" data-widget_type=\"heading.default\">\n\t\t\t\t<div class=\"elementor-widget-container\">\n\t\t\t\t\t<h3 class=\"elementor-heading-title elementor-size-default\">Jahresabschluss H\u00f6ck   24. Januar 2026<\/h3>\t\t\t\t<\/div>\n\t\t\t\t<\/div>\n\t\t\t\t<div class=\"elementor-element elementor-element-7a20fa2 elementor-widget elementor-widget-heading\" data-id=\"7a20fa2\" data-element_type=\"widget\" data-e-type=\"widget\" data-widget_type=\"heading.default\">\n\t\t\t\t<div class=\"elementor-widget-container\">\n\t\t\t\t\t<h5 class=\"elementor-heading-title elementor-size-default\">Sch\u00fctzenstube Leibstadt<\/h5>\t\t\t\t<\/div>\n\t\t\t\t<\/div>\n\t\t\t\t\t<\/div>\n\t\t<\/div>\n\t\t\t\t\t<\/div>\n\t\t<\/section>\n\t\t\t\t<section class=\"elementor-section elementor-inner-section elementor-element elementor-element-0d560e4 elementor-section-boxed elementor-section-height-default elementor-section-height-default\" data-id=\"0d560e4\" data-element_type=\"section\" data-e-type=\"section\">\n\t\t\t\t\t\t<div class=\"elementor-container elementor-column-gap-default\">\n\t\t\t\t\t<div class=\"elementor-column elementor-col-100 elementor-inner-column elementor-element elementor-element-f73b95b\" data-id=\"f73b95b\" data-element_type=\"column\" data-e-type=\"column\">\n\t\t\t<div class=\"elementor-widget-wrap elementor-element-populated\">\n\t\t\t\t\t\t<div class=\"elementor-element elementor-element-948664d elementor-widget elementor-widget-text-editor\" data-id=\"948664d\" data-element_type=\"widget\" data-e-type=\"widget\" data-widget_type=\"text-editor.default\">\n\t\t\t\t<div class=\"elementor-widget-container\">\n\t\t\t\t\t\t\t\t\t<p>Der tratinionelle Jahresabschluss H\u00f6ck fand dieses mal erst anfangs Januar statt. Die Ursache lag in der zeitlichen Beanspruchung unserer Konzerte.\u00a0<br \/>Unser Pr\u00e4sident Rolf konnte in diesem Jahr eine leicht geringere Zahl an S\u00e4ngern und Partnerinnen begr\u00fcssen.\u00a0<br \/>Der Abend wurde mit dem feinen Essen, Rollbraten vom offenen Feuer mit Kartoffelgratin, er\u00f6ffnet. Ein spezielles Lob muss hier unserem Grillmeister ausgesprochen werden, welcher mit stundenlanger Geduld die Braten \u00fcber dem offenen Feuer zur Perfektion grillte. Es ist jedoch zu erw\u00e4hnen, dass er vor\u00fcbergehende Unterst\u00fctzung durch Max und Rolf erfuhr. Das Essen wurde abgeschlossen mit Fruchtsalat und Vanille Glace.<\/p>\t\t\t\t\t\t\t\t<\/div>\n\t\t\t\t<\/div>\n\t\t\t\t\t<\/div>\n\t\t<\/div>\n\t\t\t\t\t<\/div>\n\t\t<\/section>\n\t\t\t\t<section class=\"elementor-section elementor-inner-section elementor-element elementor-element-62420e9 elementor-section-boxed elementor-section-height-default elementor-section-height-default\" data-id=\"62420e9\" data-element_type=\"section\" data-e-type=\"section\">\n\t\t\t\t\t\t<div class=\"elementor-container elementor-column-gap-default\">\n\t\t\t\t\t<div class=\"elementor-column elementor-col-50 elementor-inner-column elementor-element elementor-element-f014901\" data-id=\"f014901\" data-element_type=\"column\" data-e-type=\"column\">\n\t\t\t<div class=\"elementor-widget-wrap elementor-element-populated\">\n\t\t\t\t\t\t<div class=\"elementor-element elementor-element-f83235f elementor-widget elementor-widget-text-editor\" data-id=\"f83235f\" data-element_type=\"widget\" data-e-type=\"widget\" data-widget_type=\"text-editor.default\">\n\t\t\t\t<div class=\"elementor-widget-container\">\n\t\t\t\t\t\t\t\t\t<p>Ein gem\u00fctlicher Abend eines Gesangsvereins l\u00e4uft selbstverst\u00e4ndlich nicht ohne denselben ab. Die Er\u00f6ffnung machte das Lied &#8222;So ein Tag, so wundersch\u00f6n wie heute&#8220;, dirigiert von unserem Dirigenten Georg und der Unterst\u00fctzung der anwesenden Begleiterinnen. Es folgten das Alpenr\u00f6sli und das Schifferlied. Den Abschluss bildete, wie nicht anders zu erwarten, der &#8222;Bajazzo&#8220; und das Lied als &#8222;Freunde kamen wir&#8220;.<\/p><p>Ein spezieller Dank f\u00fcr den gelungenen Abend geh\u00f6rt den beiden Organisatoren Barbara und Max Marchegger sowie allen welche das eingespielte Team unterst\u00fctzten.<\/p>\t\t\t\t\t\t\t\t<\/div>\n\t\t\t\t<\/div>\n\t\t\t\t\t<\/div>\n\t\t<\/div>\n\t\t\t\t<div class=\"elementor-column elementor-col-50 elementor-inner-column elementor-element elementor-element-ecb9075\" data-id=\"ecb9075\" data-element_type=\"column\" data-e-type=\"column\">\n\t\t\t<div class=\"elementor-widget-wrap elementor-element-populated\">\n\t\t\t\t\t\t<div class=\"elementor-element elementor-element-715cb77 elementor-widget__width-initial elementor-widget elementor-widget-image\" data-id=\"715cb77\" data-element_type=\"widget\" data-e-type=\"widget\" data-widget_type=\"image.default\">\n\t\t\t\t<div class=\"elementor-widget-container\">\n\t\t\t\t\t\t\t\t\t\t\t\t\t\t\t<img fetchpriority=\"high\" decoding=\"async\" width=\"300\" height=\"300\" src=\"https:\/\/xn--mnnerchor-leibstadt-gwb.ch\/wp-content\/uploads\/2026\/01\/Rose_freigestellt.gif\" class=\"attachment-large size-large wp-image-3412\" alt=\"\" \/>\t\t\t\t\t\t\t\t\t\t\t\t\t\t\t<\/div>\n\t\t\t\t<\/div>\n\t\t\t\t\t<\/div>\n\t\t<\/div>\n\t\t\t\t\t<\/div>\n\t\t<\/section>\n\t\t\t\t<section class=\"elementor-section elementor-inner-section elementor-element elementor-element-5051b60 elementor-section-boxed elementor-section-height-default elementor-section-height-default\" data-id=\"5051b60\" data-element_type=\"section\" data-e-type=\"section\">\n\t\t\t\t\t\t<div class=\"elementor-container elementor-column-gap-default\">\n\t\t\t\t\t<div class=\"elementor-column elementor-col-33 elementor-inner-column elementor-element elementor-element-b0571e4\" data-id=\"b0571e4\" data-element_type=\"column\" data-e-type=\"column\">\n\t\t\t<div class=\"elementor-widget-wrap elementor-element-populated\">\n\t\t\t\t\t\t<div class=\"elementor-element elementor-element-95f946d elementor-widget__width-initial elementor-widget elementor-widget-image\" data-id=\"95f946d\" data-element_type=\"widget\" data-e-type=\"widget\" data-widget_type=\"image.default\">\n\t\t\t\t<div class=\"elementor-widget-container\">\n\t\t\t\t\t\t\t\t\t\t\t\t\t\t\t<img decoding=\"async\" width=\"1200\" height=\"1300\" src=\"https:\/\/xn--mnnerchor-leibstadt-gwb.ch\/wp-content\/uploads\/2026\/01\/IMG_2026-01-29-122441.jpg\" class=\"attachment-2048x2048 size-2048x2048 wp-image-3408\" alt=\"\" srcset=\"https:\/\/xn--mnnerchor-leibstadt-gwb.ch\/wp-content\/uploads\/2026\/01\/IMG_2026-01-29-122441.jpg 1200w, https:\/\/xn--mnnerchor-leibstadt-gwb.ch\/wp-content\/uploads\/2026\/01\/IMG_2026-01-29-122441-277x300.jpg 277w, https:\/\/xn--mnnerchor-leibstadt-gwb.ch\/wp-content\/uploads\/2026\/01\/IMG_2026-01-29-122441-945x1024.jpg 945w, https:\/\/xn--mnnerchor-leibstadt-gwb.ch\/wp-content\/uploads\/2026\/01\/IMG_2026-01-29-122441-768x832.jpg 768w\" sizes=\"(max-width: 1200px) 100vw, 1200px\" \/>\t\t\t\t\t\t\t\t\t\t\t\t\t\t\t<\/div>\n\t\t\t\t<\/div>\n\t\t\t\t\t<\/div>\n\t\t<\/div>\n\t\t\t\t<div class=\"elementor-column elementor-col-33 elementor-inner-column elementor-element elementor-element-6d68ccc\" data-id=\"6d68ccc\" data-element_type=\"column\" data-e-type=\"column\">\n\t\t\t<div class=\"elementor-widget-wrap elementor-element-populated\">\n\t\t\t\t\t\t<div class=\"elementor-element elementor-element-dd34c46 elementor-widget__width-initial elementor-widget elementor-widget-image\" data-id=\"dd34c46\" data-element_type=\"widget\" data-e-type=\"widget\" data-widget_type=\"image.default\">\n\t\t\t\t<div class=\"elementor-widget-container\">\n\t\t\t\t\t\t\t\t\t\t\t\t\t\t\t<img decoding=\"async\" width=\"1024\" height=\"732\" src=\"https:\/\/xn--mnnerchor-leibstadt-gwb.ch\/wp-content\/uploads\/2026\/01\/IMG_0478-1024x732.jpeg\" class=\"attachment-large size-large wp-image-3409\" alt=\"\" srcset=\"https:\/\/xn--mnnerchor-leibstadt-gwb.ch\/wp-content\/uploads\/2026\/01\/IMG_0478-1024x732.jpeg 1024w, https:\/\/xn--mnnerchor-leibstadt-gwb.ch\/wp-content\/uploads\/2026\/01\/IMG_0478-300x214.jpeg 300w, https:\/\/xn--mnnerchor-leibstadt-gwb.ch\/wp-content\/uploads\/2026\/01\/IMG_0478-768x549.jpeg 768w, https:\/\/xn--mnnerchor-leibstadt-gwb.ch\/wp-content\/uploads\/2026\/01\/IMG_0478-1536x1097.jpeg 1536w, https:\/\/xn--mnnerchor-leibstadt-gwb.ch\/wp-content\/uploads\/2026\/01\/IMG_0478-2048x1463.jpeg 2048w, https:\/\/xn--mnnerchor-leibstadt-gwb.ch\/wp-content\/uploads\/2026\/01\/IMG_0478-scaled-e1769687137177.jpeg 1300w\" sizes=\"(max-width: 1024px) 100vw, 1024px\" \/>\t\t\t\t\t\t\t\t\t\t\t\t\t\t\t<\/div>\n\t\t\t\t<\/div>\n\t\t\t\t\t<\/div>\n\t\t<\/div>\n\t\t\t\t<div class=\"elementor-column elementor-col-33 elementor-inner-column elementor-element elementor-element-f19cf83\" data-id=\"f19cf83\" data-element_type=\"column\" data-e-type=\"column\">\n\t\t\t<div class=\"elementor-widget-wrap elementor-element-populated\">\n\t\t\t\t\t\t<div class=\"elementor-element elementor-element-a61e9cb elementor-widget__width-initial elementor-arrows-position-inside elementor-widget elementor-widget-image-carousel\" data-id=\"a61e9cb\" data-element_type=\"widget\" data-e-type=\"widget\" data-settings=\"{&quot;slides_to_show&quot;:&quot;1&quot;,&quot;navigation&quot;:&quot;arrows&quot;,&quot;autoplay&quot;:&quot;yes&quot;,&quot;pause_on_hover&quot;:&quot;yes&quot;,&quot;pause_on_interaction&quot;:&quot;yes&quot;,&quot;autoplay_speed&quot;:5000,&quot;infinite&quot;:&quot;yes&quot;,&quot;effect&quot;:&quot;slide&quot;,&quot;speed&quot;:500}\" data-widget_type=\"image-carousel.default\">\n\t\t\t\t<div class=\"elementor-widget-container\">\n\t\t\t\t\t\t\t<div class=\"elementor-image-carousel-wrapper swiper\" role=\"region\" aria-roledescription=\"carousel\" aria-label=\"Bild Karussell\" dir=\"ltr\">\n\t\t\t<div class=\"elementor-image-carousel swiper-wrapper\" aria-live=\"off\">\n\t\t\t\t\t\t\t\t<div class=\"swiper-slide\" role=\"group\" aria-roledescription=\"slide\" aria-label=\"1 von 2\"><figure class=\"swiper-slide-inner\"><img decoding=\"async\" class=\"swiper-slide-image\" src=\"https:\/\/xn--mnnerchor-leibstadt-gwb.ch\/wp-content\/uploads\/2026\/01\/IMG_0479-732x1024.jpeg\" alt=\"IMG_0479\" \/><\/figure><\/div><div class=\"swiper-slide\" role=\"group\" aria-roledescription=\"slide\" aria-label=\"2 von 2\"><figure class=\"swiper-slide-inner\"><img decoding=\"async\" class=\"swiper-slide-image\" src=\"https:\/\/xn--mnnerchor-leibstadt-gwb.ch\/wp-content\/uploads\/2026\/01\/IMG_0481-731x1024.jpeg\" alt=\"IMG_0481\" \/><\/figure><\/div>\t\t\t<\/div>\n\t\t\t\t\t\t\t\t\t\t\t\t<div class=\"elementor-swiper-button elementor-swiper-button-prev\" role=\"button\" tabindex=\"0\">\n\t\t\t\t\t\t<svg aria-hidden=\"true\" class=\"e-font-icon-svg e-eicon-chevron-left\" viewBox=\"0 0 1000 1000\" xmlns=\"http:\/\/www.w3.org\/2000\/svg\"><path d=\"M646 125C629 125 613 133 604 142L308 442C296 454 292 471 292 487 292 504 296 521 308 533L604 854C617 867 629 875 646 875 663 875 679 871 692 858 704 846 713 829 713 812 713 796 708 779 692 767L438 487 692 225C700 217 708 204 708 187 708 171 704 154 692 142 675 129 663 125 646 125Z\"><\/path><\/svg>\t\t\t\t\t<\/div>\n\t\t\t\t\t<div class=\"elementor-swiper-button elementor-swiper-button-next\" role=\"button\" tabindex=\"0\">\n\t\t\t\t\t\t<svg aria-hidden=\"true\" class=\"e-font-icon-svg e-eicon-chevron-right\" viewBox=\"0 0 1000 1000\" xmlns=\"http:\/\/www.w3.org\/2000\/svg\"><path d=\"M696 533C708 521 713 504 713 487 713 471 708 454 696 446L400 146C388 133 375 125 354 125 338 125 325 129 313 142 300 154 292 171 292 187 292 204 296 221 308 233L563 492 304 771C292 783 288 800 288 817 288 833 296 850 308 863 321 871 338 875 354 875 371 875 388 867 400 854L696 533Z\"><\/path><\/svg>\t\t\t\t\t<\/div>\n\t\t\t\t\n\t\t\t\t\t\t\t\t\t<\/div>\n\t\t\t\t\t\t<\/div>\n\t\t\t\t<\/div>\n\t\t\t\t\t<\/div>\n\t\t<\/div>\n\t\t\t\t\t<\/div>\n\t\t<\/section>\n\t\t\t\t<div class=\"elementor-element elementor-element-b0d6275 elementor-widget-divider--view-line_icon elementor-view-framed elementor-widget-divider--element-align-center elementor-widget elementor-widget-divider\" data-id=\"b0d6275\" data-element_type=\"widget\" data-e-type=\"widget\" data-widget_type=\"divider.default\">\n\t\t\t\t<div class=\"elementor-widget-container\">\n\t\t\t\t\t\t\t<div class=\"elementor-divider\">\n\t\t\t<span class=\"elementor-divider-separator\">\n\t\t\t\t\t\t\t<div class=\"elementor-icon elementor-divider__element\">\n\t\t\t\t\t<svg aria-hidden=\"true\" class=\"e-font-icon-svg e-fab-itunes-note\" viewBox=\"0 0 384 512\" xmlns=\"http:\/\/www.w3.org\/2000\/svg\"><path d=\"M381.9 388.2c-6.4 27.4-27.2 42.8-55.1 48-24.5 4.5-44.9 5.6-64.5-10.2-23.9-20.1-24.2-53.4-2.7-74.4 17-16.2 40.9-19.5 76.8-25.8 6-1.1 11.2-2.5 15.6-7.4 6.4-7.2 4.4-4.1 4.4-163.2 0-11.2-5.5-14.3-17-12.3-8.2 1.4-185.7 34.6-185.7 34.6-10.2 2.2-13.4 5.2-13.4 16.7 0 234.7 1.1 223.9-2.5 239.5-4.2 18.2-15.4 31.9-30.2 39.5-16.8 9.3-47.2 13.4-63.4 10.4-43.2-8.1-58.4-58-29.1-86.6 17-16.2 40.9-19.5 76.8-25.8 6-1.1 11.2-2.5 15.6-7.4 10.1-11.5 1.8-256.6 5.2-270.2.8-5.2 3-9.6 7.1-12.9 4.2-3.5 11.8-5.5 13.4-5.5 204-38.2 228.9-43.1 232.4-43.1 11.5-.8 18.1 6 18.1 17.6.2 344.5 1.1 326-1.8 338.5z\"><\/path><\/svg><\/div>\n\t\t\t\t\t\t<\/span>\n\t\t<\/div>\n\t\t\t\t\t\t<\/div>\n\t\t\t\t<\/div>\n\t\t\t\t<section class=\"elementor-section elementor-inner-section elementor-element elementor-element-158b253 elementor-section-boxed elementor-section-height-default elementor-section-height-default\" data-id=\"158b253\" data-element_type=\"section\" data-e-type=\"section\">\n\t\t\t\t\t\t<div class=\"elementor-container elementor-column-gap-default\">\n\t\t\t\t\t<div class=\"elementor-column elementor-col-100 elementor-inner-column elementor-element elementor-element-208194c\" data-id=\"208194c\" data-element_type=\"column\" data-e-type=\"column\">\n\t\t\t<div class=\"elementor-widget-wrap elementor-element-populated\">\n\t\t\t\t\t\t<div class=\"elementor-element elementor-element-d632259 elementor-widget elementor-widget-heading\" data-id=\"d632259\" data-element_type=\"widget\" data-e-type=\"widget\" data-widget_type=\"heading.default\">\n\t\t\t\t<div class=\"elementor-widget-container\">\n\t\t\t\t\t<h3 class=\"elementor-heading-title elementor-size-default\">Osternachtsfeier, Samstag 04. April 2026, 21:00 Kirche Leibstadt<\/h3>\t\t\t\t<\/div>\n\t\t\t\t<\/div>\n\t\t\t\t\t<\/div>\n\t\t<\/div>\n\t\t\t\t\t<\/div>\n\t\t<\/section>\n\t\t\t\t<section class=\"elementor-section elementor-inner-section elementor-element elementor-element-b62101d elementor-section-boxed elementor-section-height-default elementor-section-height-default\" data-id=\"b62101d\" data-element_type=\"section\" data-e-type=\"section\">\n\t\t\t\t\t\t<div class=\"elementor-container elementor-column-gap-default\">\n\t\t\t\t\t<div class=\"elementor-column elementor-col-50 elementor-inner-column elementor-element elementor-element-2209992\" data-id=\"2209992\" data-element_type=\"column\" data-e-type=\"column\">\n\t\t\t<div class=\"elementor-widget-wrap elementor-element-populated\">\n\t\t\t\t\t\t<div class=\"elementor-element elementor-element-a0291e0 elementor-widget__width-initial elementor-widget elementor-widget-image\" data-id=\"a0291e0\" data-element_type=\"widget\" data-e-type=\"widget\" data-widget_type=\"image.default\">\n\t\t\t\t<div class=\"elementor-widget-container\">\n\t\t\t\t\t\t\t\t\t\t\t\t\t\t\t<img loading=\"lazy\" decoding=\"async\" width=\"1024\" height=\"576\" src=\"https:\/\/xn--mnnerchor-leibstadt-gwb.ch\/wp-content\/uploads\/2026\/04\/Osternacht-Leibstadt-2-1024x576.jpg\" class=\"attachment-large size-large wp-image-3593\" alt=\"\" srcset=\"https:\/\/xn--mnnerchor-leibstadt-gwb.ch\/wp-content\/uploads\/2026\/04\/Osternacht-Leibstadt-2-1024x576.jpg 1024w, https:\/\/xn--mnnerchor-leibstadt-gwb.ch\/wp-content\/uploads\/2026\/04\/Osternacht-Leibstadt-2-300x169.jpg 300w, https:\/\/xn--mnnerchor-leibstadt-gwb.ch\/wp-content\/uploads\/2026\/04\/Osternacht-Leibstadt-2-768x432.jpg 768w, https:\/\/xn--mnnerchor-leibstadt-gwb.ch\/wp-content\/uploads\/2026\/04\/Osternacht-Leibstadt-2-1536x864.jpg 1536w, https:\/\/xn--mnnerchor-leibstadt-gwb.ch\/wp-content\/uploads\/2026\/04\/Osternacht-Leibstadt-2.jpg 1897w\" sizes=\"(max-width: 1024px) 100vw, 1024px\" \/>\t\t\t\t\t\t\t\t\t\t\t\t\t\t\t<\/div>\n\t\t\t\t<\/div>\n\t\t\t\t\t<\/div>\n\t\t<\/div>\n\t\t\t\t<div class=\"elementor-column elementor-col-50 elementor-inner-column elementor-element elementor-element-0b53ca4\" data-id=\"0b53ca4\" data-element_type=\"column\" data-e-type=\"column\">\n\t\t\t<div class=\"elementor-widget-wrap elementor-element-populated\">\n\t\t\t\t\t\t<div class=\"elementor-element elementor-element-58fce3d elementor-widget__width-initial elementor-widget elementor-widget-text-editor\" data-id=\"58fce3d\" data-element_type=\"widget\" data-e-type=\"widget\" data-widget_type=\"text-editor.default\">\n\t\t\t\t<div class=\"elementor-widget-container\">\n\t\t\t\t\t\t\t\t\t<p>Traditionsgem\u00e4ss sang der M\u00e4nnerchor auch in diesem Jahr anl\u00e4sslich der Osternacht in der Kirche Leibstadt.<\/p><ul><li>Im Dunkel unserer Nacht\u00a0<\/li><li>Gloria in Excelsis Deo<\/li><li>Halleluja<\/li><li>Amen<\/li><li>Herr gib uns deinen Frieden<\/li><li>Herr, ich bin w\u00fcrdig<\/li><li>Da ber\u00fchren sich Himmel und Erde.<\/li><\/ul>\t\t\t\t\t\t\t\t<\/div>\n\t\t\t\t<\/div>\n\t\t\t\t\t<\/div>\n\t\t<\/div>\n\t\t\t\t\t<\/div>\n\t\t<\/section>\n\t\t\t\t\t<\/div>\n\t\t<\/div>\n\t\t\t\t\t<\/div>\n\t\t<\/section>\n\t\t\t\t<\/div>\n\t\t","protected":false},"excerpt":{"rendered":"<p>Aktivit\u00e4ten 2026 Jahresabschluss H\u00f6ck 24. Januar 2026 Sch\u00fctzenstube Leibstadt Der tratinionelle Jahresabschluss H\u00f6ck fand dieses mal erst anfangs Januar statt. Die Ursache lag in der zeitlichen Beanspruchung unserer Konzerte.\u00a0Unser Pr\u00e4sident Rolf konnte in diesem Jahr eine leicht geringere Zahl an S\u00e4ngern und Partnerinnen begr\u00fcssen.\u00a0Der Abend wurde mit dem feinen Essen, Rollbraten vom offenen Feuer mit [&hellip;]<\/p>\n","protected":false},"author":1,"featured_media":0,"parent":0,"menu_order":0,"comment_status":"closed","ping_status":"closed","template":"","meta":{"footnotes":""},"class_list":["post-3405","page","type-page","status-publish","hentry"],"blocksy_meta":[],"_links":{"self":[{"href":"https:\/\/m\u00e4nnerchor-leibstadt.ch\/index.php?rest_route=\/wp\/v2\/pages\/3405","targetHints":{"allow":["GET"]}}],"collection":[{"href":"https:\/\/m\u00e4nnerchor-leibstadt.ch\/index.php?rest_route=\/wp\/v2\/pages"}],"about":[{"href":"https:\/\/m\u00e4nnerchor-leibstadt.ch\/index.php?rest_route=\/wp\/v2\/types\/page"}],"author":[{"embeddable":true,"href":"https:\/\/m\u00e4nnerchor-leibstadt.ch\/index.php?rest_route=\/wp\/v2\/users\/1"}],"replies":[{"embeddable":true,"href":"https:\/\/m\u00e4nnerchor-leibstadt.ch\/index.php?rest_route=%2Fwp%2Fv2%2Fcomments&post=3405"}],"version-history":[{"count":12,"href":"https:\/\/m\u00e4nnerchor-leibstadt.ch\/index.php?rest_route=\/wp\/v2\/pages\/3405\/revisions"}],"predecessor-version":[{"id":3605,"href":"https:\/\/m\u00e4nnerchor-leibstadt.ch\/index.php?rest_route=\/wp\/v2\/pages\/3405\/revisions\/3605"}],"wp:attachment":[{"href":"https:\/\/m\u00e4nnerchor-leibstadt.ch\/index.php?rest_route=%2Fwp%2Fv2%2Fmedia&parent=3405"}],"curies":[{"name":"wp","href":"https:\/\/api.w.org\/{rel}","templated":true}]}}